me factors of 3710.
2, 5, 7, 53
List the prime factors of 91846.
2, 19, 2417
List the prime factors of 1615.
5, 17, 19
What are the prime factors of 56104?
2, 7013
What are the prime factors of 94567?
11, 8597
List the prime factors of 4684.
2, 1171
What are the prime factors of 640?
2, 5
What are the prime factors of 7132?
2, 1783
What are the prime factors of 1112?
2, 139
List the prime factors of 3069.
3, 11, 31
What are the prime factors of 410?
2, 5, 41
List the prime factors of 4467.
3, 1489
List the prime factors of 2254.
2, 7, 23
What are the prime factors of 931?
7, 19
What are the prime factors of 23694?
2, 3, 11, 359
List the prime factors of 8141.
7, 1163
What are the prime factors of 15046?
2, 7523
What are the prime factors of 24803?
17, 1459
List the prime factors of 203.
7, 29
What are the prime factors of 9406?
2, 4703
List the prime factors of 11328.
2, 3, 59
List the prime factors of 4939.
11, 449
List the prime factors of 15080.
2, 5, 13, 29
What are the prime factors of 40400?
2, 5, 101
What are the prime factors of 19067?
23, 829
What are the prime factors of 3713?
47, 79
List the prime factors of 2208.
2, 3, 23
What are the prime factors of 8942?
2, 17, 263
What are the prime factors of 1995?
3, 5, 7, 19
List the prime factors of 236.
2, 59
List the prime factors of 8551.
17, 503
What are the prime factors of 12013?
41, 293
List the prime factors of 3026.
2, 17, 89
What are the prime factors of 558?
2, 3, 31
List the prime factors of 3927.
3, 7, 11, 17
List the prime factors of 3460.
2, 5, 173
List the prime factors of 2405.
5, 13, 37
What are the prime factors of 972?
2, 3
What are the prime factors of 16809?
3, 13, 431
What are the prime factors of 5438?
2, 2719
List the prime factors of 2370.
2, 3, 5, 79
List the prime factors of 26202.
2, 3, 11, 397
What are the prime factors of 376?
2, 47
What are the prime factors of 9910?
2, 5, 991
What are the prime factors of 1058?
2, 23
List the prime factors of 839.
839
List the prime factors of 767.
13, 59
List the prime factors of 3351.
3, 1117
What are the prime factors of 1910?
2, 5, 191
What are the prime factors of 125?
5
What are the prime factors of 6906?
2, 3, 1151
List the prime factors of 77285.
5, 13, 29, 41
List the prime factors of 4651.
4651
What are the prime factors of 20715?
3, 5, 1381
What are the prime factors of 1246?
2, 7, 89
List the prime factors of 859.
859
List the prime factors of 49077.
3, 7, 19, 41
What are the prime factors of 611?
13, 47
What are the prime factors of 6316?
2, 1579
What are the prime factors of 33486?
2, 3, 5581
List the prime factors of 9817.
9817
List the prime factors of 718.
2, 359
List the prime factors of 304.
2, 19
List the prime factors of 1987.
1987
What are the prime factors of 31315?
5, 6263
What are the prime factors of 2546?
2, 19, 67
What are the prime factors of 22017?
3, 41, 179
What are the prime factors of 688?
2, 43
What are the prime factors of 2808?
2, 3, 13
What are the prime factors of 2027?
2027
What are the prime factors of 4541?
19, 239
List the prime factors of 214.
2, 107
What are the prime factors of 3717?
3, 7, 59
List the prime factors of 2385.
3, 5, 53
List the prime factors of 25062.
2, 3, 4177
List the prime factors of 1752.
2, 3, 73
What are the prime factors of 9910?
2, 5, 991
List the prime factors of 31822.
2, 7, 2273
What are the prime factors of 2766?
2, 3, 461
What are the prime factors of 1661?
11, 151
What are the prime factors of 59574?
2, 3, 9929
List the prime factors of 1483.
1483
What are the prime factors of 81734?
2, 40867
What are the prime factors of 50898?
2, 3, 17, 499
What are the prime factors of 23509?
23509
What are the prime factors of 6615?
3, 5, 7
What are the prime factors of 493?
17, 29
List the prime factors of 10413.
3, 13, 89
List the prime factors of 2218.
2, 1109
List the prime factors of 1579.
1579
What are the prime factors of 846?
2, 3, 47
List the prime factors of 21349.
37, 577
List the prime factors of 7552.
2, 59
What are the prime factors of 7787?
13, 599
List the prime factors of 87436.
2, 21859
What are the prime factors of 1934?
2, 967
List the prime factors of 56169.
3, 79
What are the prime factors of 7339?
41, 179
List the prime factors of 3703.
7, 23
List the prime factors of 850.
2, 5, 17
List the prime factors of 2013.
3, 11, 61
List the prime factors of 3620.
2, 5, 181
List the prime factors of 4674.
2, 3, 19, 41
List the prime factors of 418.
2, 11, 19
List the prime factors of 4290.
2, 3, 5, 11, 13
List the prime factors of 6903.
3, 13, 59
List the prime factors of 904.
2, 113
What are the prime factors of 12777?
3, 4259
What are the prime factors of 1456?
2, 7, 13
List the prime factors of 19829.
79, 251
List the prime factors of 50.
2, 5
What are the prime factors of 3708?
2, 3, 103
What are the prime factors of 9887?
9887
What are the prime factors of 200?
2, 5
What are the prime factors of 738?
2, 3, 41
List the prime factors of 827.
827
List the prime factors of 17890.
2, 5, 1789
What are the prime factors of 4610?
2, 5, 461
List the prime factors of 6343.
6343
What are the prime factors of 62267?
71, 877
List the prime factors of 8992.
2, 281
List the prime factors of 9394.
2, 7, 11, 61
List the prime factors of 5707.
13, 439
What are the prime factors of 114238?
2, 57119
List the prime factors of 56578.
2, 28289
List the prime factors of 673.
673
What are the prime factors of 1433?
1433
What are the prime factors of 20178?
2, 3, 19, 59
What are the prime factors of 121735?
5, 97, 251
What are the prime factors of 55731?
3, 13, 1429
What are the prime factors of 128?
2
List the prime factors of 62256.
2, 3, 1297
What are the prime factors of 98980?
2, 5, 7, 101
List the prime factors of 1060.
2, 5, 53
List the prime factors of 42709.
42709
What are the prime factors of 24189?
3, 11, 733
What are the prime factors of 60656?
2, 17, 223
List the prime factors of 2245.
5, 449
What are the prime factors of 960?
2, 3, 5
List the prime factors of 11391.
3, 3797
What are the prime factors of 3503?
31, 113
What are the prime factors of 53100?
2, 3, 5, 59
List the prime factors of 4563.
3, 13
What are the prime factors of 3271?
3271
List the prime factors of 3084.
2, 3, 257
What are the prime factors of 53162?
2, 19, 1399
List the prime factors of 3302.
2, 13, 127
What are the prime factors of 4541?
19, 239
List the prime factors of 47894.
2, 7, 11, 311
List the prime factors of 296.
2, 37
List the prime factors of 53239.
53239
What are the prime factors of 1637?
1637
What are the prime factors of 6660?
2, 3, 5, 37
What are the prime factors of 50264?
2, 61, 103
List the prime factors of 2838.
2, 3, 11, 43
List the prime factors of 8791.
59, 149
List the prime factors of 2216.
2, 277
List the prime factors of 15840.
2, 3, 5, 11
List the prime factors of 7798.
2, 7, 557
What are the prime factors of 3907?
3907
List the prime factors of 119807.
23, 5209
What are the prime factors of 320?
2, 5
List the prime factors of 43.
43
What are the prime factors of 746?
2, 373
What are the prime factors of 2442?
2, 3, 11, 37
What are the prime factors of 258?
2, 3, 43
What are the prime factors of 52285?
5, 10457
List the prime factors of 1121.
19, 59
What are the prime factors of 134099?
7, 19157
List the prime factors of 89.
89
What are the prime factors of 305?
5, 61
What are the prime factors of 47287?
47287
List the prime factors of 16464.
2, 3, 7
What are the prime factors of 44776?
2, 29, 193
What are the prime factors of 72166?
2, 36083
What are the prime factors of 159?
3, 53
What are the prime factors of 67634?
2, 7, 4831
What are the prime factors of 414?
2, 3, 23
List the prime factors of 7592.
2, 13, 73
What are the prime factors of 6472?
2, 809
What are the prime factors of 10768?
2, 673
List the prime factors of 15607.
15607
List the prime factors of 18457.
18457
What are the prime factors of 176056?
2, 59, 373
List the prime factors of 126838.
2, 63419
List the prime factors of 10519.
67, 157
What are the prime factors of 6302?
2, 23, 137
List the prime factors of 791.
7, 113
List the prime factors of 636.
2, 3, 53
List the prime factors of 40691.
7, 5813
What are the prime factors of 7661?
47, 163
List the prime factors of 1769.
29, 61
Wha